 + i**2 - 2*i. Let f be c(3). Let q(y) = -y**2 + 2*y - 2. What is q(f)?
-2
Suppose -2*o + 12 = o. Let u(s) = s**2 - 3*s + 1. What is u(o)?
5
Let b(y) = -3*y**2 + 5*y**2 - 2 - 5*y - y**2. What is b(4)?
-6
Let x be 4/(-10) + 8/(-5). Suppose 13 = 4*i + 5. Let j(q) = i + 2*q - q + 0. Give j(x).
0
Let z(o) = -o - 6. Let l(i) = i**3 - 2*i + 3. Let d be l(2). Let b = d + -12. Calculate z(b).
-1
Let t(y) be the first derivative of 7*y**2/2 - y - 10. Let x be (-3)/6 - 6/4. Let g be (-4)/(-12) - x/3. Calculate t(g).
6
Let t be 2/5 - 17/5. Let u(h) = h**3 - 3*h**2 + 2*h + 2. Let r be u(2). Let g(n) = -n + 3 + 0*n + r*n. What is g(t)?
0
Let i(z) = -z**3 + 3*z**2 - 3*z + 3. Let k(d) = d**2 - 27*d - 25. Let r be k(28). What is i(r)?
-6
Let u(q) be the second derivative of -q**8/6720 + q**7/504 + q**4/12 + q. Let m(a) be the third derivative of u(a). Give m(5).
0
Suppose -5*z = 5*k, 0 = -3*z + 2*k + 26 - 16. Let f(c) = -c**2 + 4 - 1 - 5*c + c. What is f(z)?
-9
Let x(m) = -m. Let u be 2/2*(-4)/(-1). Let s(b) = b - 9. Let w be s(u). Let o(z) = z - 1. Let h(f) = w*o(f) - 4*x(f). Calculate h(0).
5
Let g = 6 + -1. Let s = g - 3. Suppose s + 2 = -4*o. Let z(q) = q**2. What is z(o)?
1
Let s(l) be the first derivative of 1/2*l**2 - 2 + l. Let f be 3 + 24/(-6) - (0 - -1). Give s(f).
-1
Suppose -4*z + 3 = -9. Let d = z - -2. Let l(n) = n**3 - d*n**2 + 5 + 0*n**2 - 2*n**3. Calculate l(-5).
5
Let o(m) = -12*m + 28*m - 5*m**2 + m**3 - 11*m - 6. Calculate o(4).
-2
Let c(w) be the second derivative of -w**5/20 + 7*w**4/12 - 2*w**3/3 - 5*w**2/2 - 12*w + 2. Determine c(6).
7
Let h(t) = 3*t**3 - 7*t**2 - 6*t - 6. Let v(c) be the second derivative of c**5/2 - 11*c**4/6 - 3*c**3 - 9*c**2 + 3*c. Let i(l) = 7*h(l) - 2*v(l). Give i(6).
-6
Let a(u) = 5*u**3 - 2*u**2 - 2*u - 1. Let z be ((-18)/(-15))/(6/20). Let n = 3 - z. Let b = n - 0. Give a(b).
-6
Suppose -2*i = 2*i. Let x(s) = i*s - 2*s + 3*s - 1. Let w be x(5). Let l(t) = -3*t + 2. What is l(w)?
-10
Let w(j) = -26*j - 28. Let l(s) = 5*s + 5. Let q(f) = -16*l(f) - 3*w(f). Let g(o) = -5*o. Let n = 3 + -4. Let c be g(n). What is q(c)?
-6
Let h(p) be the second derivative of p**4/12 + 4*p**3/3 - p**2 - 23*p. Calculate h(-8).
-2
Let g(s) = -3*s + s - 5*s + 6*s - 4. Calculate g(-3).
-1
Let o be (-2)/(-2) - 5/(-5). Let g = -1 + o. Let d be (2/2)/(g - 0). Let m(i) = 4*i**3 - i**2 + 2*i - 1. Calculate m(d).
4
Let r(j) be the first derivative of j**2/2 + 11*j + 45. Calculate r(0).
11
Let t(b) = b**2 - 4*b - 8. Suppose -3*g = -4*i + 12, -2*g + 44 = 4*i + 3*g. Give t(i).
4
Let u(p) = -p**3 - 12*p**2 + 3*p + 38. Let y be u(-12). Let a(q) be the second derivative of q**4/4 - 2*q**3/3 + q**2 + q. Determine a(y).
6
Suppose 18 = 3*k - 3*v, 0*k = 4*k - 3*v - 20. Suppose -4*n = -6*n. Let y(o) = -6*o + 5*o**k - o**3 + 4 + n*o**3 + 5*o. What is y(5)?
-1
Let y(d) = -d**3 - 4*d**2 - 8*d + 7. Let k(n) = -6*n**3 - 20*n**2 - 41*n + 36. Let i(c) = 2*k(c) - 11*y(c). Suppose 1 + 24 = 5*f. Determine i(f).
0
Let q = -3 + -3. Let a(o) = -3*o**2 - 11*o - 13. Let k(r) = r**2 + 6*r + 7. Let c(h) = q*a(h) - 11*k(h). What is c(-1)?
8
Let v(m) = m + 2. Let o be v(-7). Suppose 3 = f + 1. Let z(g) = -5 + 0 - f*g + 1. What is z(o)?
6
Let z be (-104)/(-60)*3 - (-12)/15. Let m(v) = v**2 - 4*v. Give m(z).
12
Let m(j) = j**2 + j - 4. Let l(z) = -2*z - 5. Let n be l(-4). Determine m(n).
8
Let i(r) = -r - 2. Let j be i(-2). Suppose 3*h - 7*h + 80 = j. Suppose 5*v - 25 = 5*n - 5, -5*n - v = h. Let y(p) = p**3 + 5*p**2 + 2*p - 4. What is y(n)?
4
Let a(k) = -k**2 + 1 + 4*k**2 - 2*k**2. Let w(p) = -p**2 - 1. Suppose 5*f + 3*m = -2*m - 25, 0 = -3*m - 6. Let x(i) = f*a(i) - 2*w(i). Give x(-1).
-2
Let v(g) = -3 + 6*g + g**2 + 5 + 4. Determine v(-4).
-2
Let m be 3/(-1 + 12/9). Let r = m + -5. Let a(w) = w + 4*w - 4*w. Determine a(r).
4
Suppose 2*s + 5*f = -8, 0 = -2*s + 4*f + f + 12. Let t be s/5*2*15. Let z(i) = i**3 - 5*i**2 - 5*i - 5. What is z(t)?
1
Let z(b) = -b**3 - 5*b**2 - 4*b - 4. Suppose -o + 2*t = 4, 0 = o + 2*o + 2*t + 12. Give z(o).
-4
Let y(r) = -r**2 + r + 16. Let k = 3 + -3. Calculate y(k).
16
Let d be 2/(-3) - 11/(-3). Let o(r) = 4 + 1 - 4 - 2*r - d*r**2. Suppose a - 2*a + 4*n = -2, -3*a - 8 = 2*n. Determine o(a).
-7
Let t(w) = 3*w - 6*w + 2*w + 3*w. Let r be (-1)/(-2 + -1 + 2). Suppose r = 2*m - 1. Determine t(m).
2
Let f(a) be the third derivative of -a**6/120 - a**5/12 + a**4/24 + a**3/2 + 12*a**2. Calculate f(-5).
-2
Let z(r) be the third derivative of -r**5/60 + r**4/6 + r**3/6 - 2*r**2. Let x = -3 - 9. Let m(g) = g**2 + 12*g + 5. Let j be m(x). Give z(j).
-4
Let a = 1 - 8. Let x(o) = o**3 + 8*o**2 + 6*o - 7. Let h be x(a). Let n(g) = h*g - 4*g + 5 - 6 + g. Calculate n(-2).
5
Let d(y) = y**3 - y**2 + y - 1. Let b be d(1). Let h = 1 + 1. Suppose -2*l - h*l - 4 = b. Let t(z) = 4*z**2 + z. Determine t(l).
3
Let f(n) = -n**3 + 8*n**2 - 18*n + 2. Let m be f(4). Let g(o) = -o**3 - 10*o**2 + 7*o. Let x(u) = u**2 - 1. Let z(d) = g(d) + 5*x(d). Calculate z(m).
-11
Let b be 7/(-2) + (-3)/6. Let f be 4/(-18) - 60/(-27). Let k(t) = t - f*t - 5 - t. Determine k(b).
3
Let w(b) = -b**3 + b**2 - b. Let t(g) = -5*g**3 + g**2 - 13*g. Let z(a) = t(a) - 6*w(a). Let d be 5 + -1 + (-2 - -4). Determine z(d).
-6
Suppose -28 = 4*q - 8*q. Let x(d) = d + 10. Calculate x(q).
17
Let r(h) = -h - 1. Let v(a) = 5*a + 5. Let s(z) = z**3 - 3*z**2 - 3*z. Let p be s(4). Let k(l) = p*v(l) + 22*r(l). Calculate k(4).
-10
Let x = 7 - 7. Let q(i) = -i - 1. What is q(x)?
-1
Let l(f) = 6*f + 39 - 35 + f**2 + 4*f**2 - 6*f**2. Suppose 7*t - 3*t = 24. Give l(t).
4
Let c(h) = -8 + 11 + 3*h - h**2 - 2*h. Determine c(3).
-3
Let n(f) = -f + 4. Let q(x) = x**2 + 5*x + 5. Let c be q(-5). Suppose 2*h = -c*j - 15, 2*j + 3*h + 9 = -j. What is n(j)?
7
Let r(u) = u - 5. Let i(h) = -h + 2. Let c be i(10). Calculate r(c).
-13
Let n(k) = -k**2 - 4*k - 1. Let d(v) = v**2 + 9*v + 12. Let s be d(-6). Let j(f) = -f**2 - 5*f + 2. Let m be j(s). Calculate n(m).
-1
Let n = -29 - -22. Let p(g) = -g**3 - 7*g**2 + 2*g + 6. What is p(n)?
-8
Let t(i) = 174 - i - i**2 - 349 + 175. Let k = 3 - 3. Calculate t(k).
0
Let i(a) = -5*a**2 - 2*a - 3. Let j(h) = h**2 + 1. Let f(y) = -i(y) - 4*j(y). Suppose 5*s + 3 = 8. Determine f(s).
2
Let m(t) = 4*t**2 + 3*t - 2. Let a be m(1). Let l(s) = s**3 - 4*s**2 - 5*s. What is l(a)?
0
Let k(m) be the third derivative of m**6/8 + m**4/24 + m**3/6 + 16*m**2. Determine k(-1).
-15
Suppose -3*c - 3*s + 21 = 0, 2*c + 0*s - 3*s = 19. Let z(y) = y**2 - 9*y - 4. Calculate z(c).
-12
Let u(k) = -k**3 - 6*k**2 - k + 2. Let o be 54/24*8/(-3). Determine u(o).
8
Let i(b) = 2*b. Suppose 5*g - 4*g - 5*h - 21 = 0, 4*g - 5*h - 39 = 0. Let x = g - 3. Suppose -x*y + 3 = -2*y. Calculate i(y).
6
Let d(j) = 4 - 2 + 0 + 2*j - 4*j. Suppose 0 = -g + 4*g + 3*n, 5*g - 5*n - 30 = 0. Let i be d(g). Let x(h) = -h**3 - 5*h**2 - 5*h + 3. What is x(i)?
7
Suppose 5*t + 18 = 8*t. Let j(s) = s**2 - 7*s + 7. What is j(t)?
1
Let x be 8/36 + 7/9. Let t(l) = -21*l**2 + 15*l - 15. Let h(m) = -10*m**2 + 7*m - 7. Let s(d) = 13*h(d) - 6*t(d). Calculate s(x).
-4
Suppose 10 = -6*c + c. Let g be ((-1)/2)/(c/12). Let a(i) = -g + 1 - 2*i**2 + i**2 + 4*i. Calculate a(5).
-7
Let s(t) = -5 - 1 - 5*t - 4*t**2 + 3 - t**3. Let k be s(-3). Suppose 0 = k*h - 10 - 5. Let q(i) = i + 2. What is q(h)?
7
Let u = -19 - -7. Let d = 6 + u. Let w(f) = -f**2 - 3*f + 8. Determine w(d).
-10
Let b(i) be the first derivative of 0*i + i**3 + 1/2*i**2 + 2. Determine b(1).
4
Let g(l) be the second derivative of -l**4/12 + 3*l**2/2 + 3*l - 16. Let b(p) = -p**2 + p + 2. Let d be b(2). Determine g(d).
3
Let t(d) = 7*d - 1 + 2 + 5*d. Suppose 12*x - 5*x - 7 = 0. What is t(x)?
13
Let y(n) be the first derivative of -n**3/3 - n**2/2 - 5*n - 6. Calculate y(0).
-5
Let j(r) = r + 7. Let h(t) = 5*t**2 + t - 5. Let l(x) = -11*x**2 - x + 9. Let d(o) = 13*h(o) + 6*l(o). Let u be d(6). What is j(u)?
2
Suppose 3*b = -b + 20. Let a be 57/15 - (-1)/b. Suppose 0 = -0*s + a*s + 12. Let k(l) = -l + 2. Determine k(s).
5
Suppose -5*a + 0 - 10 = 0, -5*p - 2*a + 31 = 0. Let s = -5 + p. Suppose -s*l + 8 = 2. Let n(r) = 2*r**2 - 2*r - 4. Give n(l).
8
Let p be (-3)/(-5) + 81/15. Let r(v) = 7*v - 23. Suppose 0 = -4*m + 8, 4*m - 24 = -3*x - 1. Let d(j) = -3*j + 12. Let u(l) = x*d(l) + 2*r(l). Cal